{"id":4,"date":"2016-09-14T12:26:05","date_gmt":"2016-09-14T12:26:05","guid":{"rendered":"http:\/\/baustelle.kindergartenfoerderungsverein-raisting.de\/?page_id=4"},"modified":"2025-07-23T09:09:03","modified_gmt":"2025-07-23T07:09:03","slug":"der-verein","status":"publish","type":"page","link":"https:\/\/www.kifoe-raisting.de\/","title":{"rendered":"Unser Verein"},"content":{"rendered":"\n<div class=\"wp-block-columns is-layout-flex wp-container-core-columns-is-layout-1 wp-block-columns-is-layout-flex\">\n<div class=\"wp-block-column is-layout-flow wp-block-column-is-layout-flow\" style=\"flex-basis:66.66%\">\n<p>Herzlich Willkommen beim Kinderf\u00f6rderverein Raisting. Seit der Gr\u00fcndung des F\u00f6rdervereins vor 50 Jahren freuen wir uns derzeit \u00fcber ca. 200 Mitglieder. Viele Projekte f\u00fcr unsere Kinder in Raisting wurden bereits realisiert und nicht wenige Kindertr\u00e4ume erf\u00fcllt z. B. neue Spielger\u00e4te auf dem Spielplatz, \u00dcberraschungen an Ostern und Weihnachten, unser Raistinger Nikolaus, kleine Geschenke, finanzielle Zusch\u00fcsse f\u00fcr Abschlussfahrten, krachende Faschingsparties und noch vieles mehr.<\/p>\n<\/div>\n\n\n\n<div class=\"wp-block-column is-layout-flow wp-block-column-is-layout-flow\" style=\"flex-basis:33.33%\">\n<figure class=\"wp-block-image size-full is-resized\"><img fetchpriority=\"high\" decoding=\"async\" width=\"510\" height=\"510\" src=\"https:\/\/www.kifoe-raisting.de\/wp-content\/uploads\/2016\/09\/cropped-cropped-Web-Icon_512x512-1-1.jpg\" alt=\"\" class=\"wp-image-1058\" style=\"object-fit:cover;width:150px;height:150px\" srcset=\"https:\/\/www.kifoe-raisting.de\/wp-content\/uploads\/2016\/09\/cropped-cropped-Web-Icon_512x512-1-1.jpg 510w, https:\/\/www.kifoe-raisting.de\/wp-content\/uploads\/2016\/09\/cropped-cropped-Web-Icon_512x512-1-1-300x300.jpg 300w, https:\/\/www.kifoe-raisting.de\/wp-content\/uploads\/2016\/09\/cropped-cropped-Web-Icon_512x512-1-1-150x150.jpg 150w, https:\/\/www.kifoe-raisting.de\/wp-content\/uploads\/2016\/09\/cropped-cropped-Web-Icon_512x512-1-1-230x230.jpg 230w, https:\/\/www.kifoe-raisting.de\/wp-content\/uploads\/2016\/09\/cropped-cropped-Web-Icon_512x512-1-1-365x365.jpg 365w\" sizes=\"(max-width: 510px) 100vw, 510px\" \/><\/figure>\n<\/div>\n<\/div>\n\n\n\n<div class=\"wp-block-columns is-layout-flex wp-container-core-columns-is-layout-2 wp-block-columns-is-layout-flex\">\n<div class=\"wp-block-column is-layout-flow wp-block-column-is-layout-flow\" style=\"flex-basis:100%\">\n<p><\/p>\n\n\n\n<p>Deshalb m\u00f6chten wir auch auf diesem Wege <strong>unseren Mitgliedern, allen Helfern\/innen und allen Spendern\/innen sowie der Gemeinde Raisting<\/strong> ein<br>recht herzliches <strong>DANKESCH\u00d6N <\/strong>sagen f\u00fcr die tatkr\u00e4ftige Unterst\u00fctzung in jedem Jahr.<\/p>\n\n\n\n<p>Um auch weiterhin unsere Arbeit fortsetzen zu k\u00f6nnen und somit ein St\u00fcck Zukunft f\u00fcr unsere Kinder mitzugestalten, ben\u00f6tigt der F\u00f6rderverein noch mehr Menschen mit Engagement und Ideen.<\/p>\n\n\n\n<p>Ihre Vorstandschaft des Kinderf\u00f6rdervereins<br>Raisting e.V.<\/p>\n\n\n\n<p><br><br><\/p>\n<\/div>\n<\/div>\n\n\n\n<h2 class=\"wp-block-heading\">Unser Team<\/h2>\n\n\n\n<figure class=\"wp-block-image size-full\"><img decoding=\"async\" width=\"2560\" height=\"1920\" src=\"https:\/\/www.kifoe-raisting.de\/wp-content\/uploads\/2025\/07\/JHV2025-scaled.jpg\" alt=\"\" class=\"wp-image-1192\" srcset=\"https:\/\/www.kifoe-raisting.de\/wp-content\/uploads\/2025\/07\/JHV2025-scaled.jpg 2560w, https:\/\/www.kifoe-raisting.de\/wp-content\/uploads\/2025\/07\/JHV2025-300x225.jpg 300w, https:\/\/www.kifoe-raisting.de\/wp-content\/uploads\/2025\/07\/JHV2025-1024x768.jpg 1024w, https:\/\/www.kifoe-raisting.de\/wp-content\/uploads\/2025\/07\/JHV2025-768x576.jpg 768w, https:\/\/www.kifoe-raisting.de\/wp-content\/uploads\/2025\/07\/JHV2025-1536x1152.jpg 1536w, https:\/\/www.kifoe-raisting.de\/wp-content\/uploads\/2025\/07\/JHV2025-2048x1536.jpg 2048w\" sizes=\"(max-width: 2560px) 100vw, 2560px\" \/><figcaption class=\"wp-element-caption\">Einige Vorstandsmitglieder mit unserem B\u00fcrgermeister Martin H\u00f6ck nach der Jahreshauptversammlung 2025<\/figcaption><\/figure>\n\n\n\n<p>1. Vorstand: Laura Dorsch<br>2. Vorstand: Ines Baumann<\/p>\n\n\n\n<p>1. Kassier: Patricia Bartl<br>2. Kassier: Sabrina Dusseldorp<\/p>\n\n\n\n<p>1. Schriftf\u00fchrer: Tanja Braun <br> 2. Schriftf\u00fchrer: Angela Merz<\/p>\n\n\n\n<p>Beisitzende:<br>Carolina Wende, Kerstin Seifert, Martina Scheifele, Hannah Lehner, Sophia W\u00f6rsching, Lisa Gampe, Regina Hoffmann, Friederike Brandner, Sandra W\u00f6rsching, Simona Estermaier und Sebastian K\u00e4hmke<\/p>\n\n\n\n<p><\/p>\n\n\n\n<div class=\"wp-block-columns is-layout-flex wp-container-core-columns-is-layout-3 wp-block-columns-is-layout-flex\">\n<div class=\"wp-block-column is-layout-flow wp-block-column-is-layout-flow\" style=\"flex-basis:66.66%\"><\/div>\n\n\n\n<div class=\"wp-block-column is-layout-flow wp-block-column-is-layout-flow\" style=\"flex-basis:33.33%\"><\/div>\n<\/div>\n\n\n\n<p><\/p>\n","protected":false},"excerpt":{"rendered":"<p>Herzlich Willkommen beim Kinderf\u00f6rderverein Raisting. Seit der Gr\u00fcndung des F\u00f6rdervereins vor 50 Jahren freuen wir uns derzeit \u00fcber ca. 200 Mitglieder. Viele Projekte f\u00fcr unsere Kinder in Raisting wurden bereits realisiert und nicht wenige Kindertr\u00e4ume erf\u00fcllt z. B. neue Spielger\u00e4te<\/p>\n","protected":false},"author":4,"featured_media":0,"parent":0,"menu_order":1,"comment_status":"closed","ping_status":"closed","template":"","meta":{"om_disable_all_campaigns":false,"_monsterinsights_skip_tracking":false,"_monsterinsights_sitenote_active":false,"_monsterinsights_sitenote_note":"","_monsterinsights_sitenote_category":0,"footnotes":""},"class_list":["post-4","page","type-page","status-publish","hentry"],"aioseo_notices":[],"_links":{"self":[{"href":"https:\/\/www.kifoe-raisting.de\/index.php?rest_route=\/wp\/v2\/pages\/4"}],"collection":[{"href":"https:\/\/www.kifoe-raisting.de\/index.php?rest_route=\/wp\/v2\/pages"}],"about":[{"href":"https:\/\/www.kifoe-raisting.de\/index.php?rest_route=\/wp\/v2\/types\/page"}],"author":[{"embeddable":true,"href":"https:\/\/www.kifoe-raisting.de\/index.php?rest_route=\/wp\/v2\/users\/4"}],"replies":[{"embeddable":true,"href":"https:\/\/www.kifoe-raisting.de\/index.php?rest_route=%2Fwp%2Fv2%2Fcomments&post=4"}],"version-history":[{"count":27,"href":"https:\/\/www.kifoe-raisting.de\/index.php?rest_route=\/wp\/v2\/pages\/4\/revisions"}],"predecessor-version":[{"id":1196,"href":"https:\/\/www.kifoe-raisting.de\/index.php?rest_route=\/wp\/v2\/pages\/4\/revisions\/1196"}],"wp:attachment":[{"href":"https:\/\/www.kifoe-raisting.de\/index.php?rest_route=%2Fwp%2Fv2%2Fmedia&parent=4"}],"curies":[{"name":"wp","href":"https:\/\/api.w.org\/{rel}","templated":true}]}}