{"id":38,"date":"2016-09-14T13:22:32","date_gmt":"2016-09-14T13:22:32","guid":{"rendered":"http:\/\/baustelle.kindergartenfoerderungsverein-raisting.de\/?page_id=38"},"modified":"2025-05-16T12:47:52","modified_gmt":"2025-05-16T10:47:52","slug":"mitglied-werden","status":"publish","type":"page","link":"https:\/\/www.kifoe-raisting.de\/?page_id=38","title":{"rendered":"Mitglied werden"},"content":{"rendered":"<p>Wir finanzieren unsere Arbeit als gemeinn\u00fctziger Verein durch Mitgliedsbeitr\u00e4ge, Spenden und Einnahmen aus unseren Veranstaltungen:<br \/>\nMartinsumzug, Nikolaus, Faschingsparty, Teilnahme am Ferienprogramm, der Durchf\u00fchrung zweier Kleiderbasare und vieles mehr.<\/p>\n<p>Ab einem Jahresbeitrag von 5,00 Euro unterst\u00fctzen Sie unsere Projekte f\u00fcr unsere Kinder in Raisting. Werden Sie Mitglied in unserem Verein.<\/p>\n<p>Wir freuen uns, dass Sie uns aktiv unterst\u00fctzen m\u00f6chten, bitte senden Sie uns dazu <a href=\"https:\/\/www.kifoe-raisting.de\/wp-content\/uploads\/2020\/09\/Beitrittserkl\u00e4rung.pdf\">dieses Formular<\/a> ausgef\u00fcllt per E-Mail oder Post an die unterKontakt genannten Adressen oder sprechen Sie uns gern auch jederzeit pers\u00f6nlich an.<\/p>\n<p>Bankverbindung:<br \/>\nRaiffeisenbank Raisting<br \/>\nIBAN: DE 72 7016 9413 0008 6113 51<\/p>\n<p>Kinderf\u00f6rderverein Raisting e. V., Gruberberg 4, 82399 Raisting<br \/>\nGl\u00e4ubiger-Identifikationsnummer: DE 13 ZZZ 00000 485705<\/p>\n","protected":false},"excerpt":{"rendered":"<p>Wir finanzieren unsere Arbeit als gemeinn\u00fctziger Verein durch Mitgliedsbeitr\u00e4ge, Spenden und Einnahmen aus unseren Veranstaltungen: Martinsumzug, Nikolaus, Faschingsparty, Teilnahme am Ferienprogramm, der Durchf\u00fchrung zweier Kleiderbasare und vieles mehr. Ab einem Jahresbeitrag von 5,00 Euro unterst\u00fctzen Sie unsere Projekte f\u00fcr unsere<\/p>\n","protected":false},"author":4,"featured_media":0,"parent":0,"menu_order":0,"comment_status":"closed","ping_status":"closed","template":"","meta":{"om_disable_all_campaigns":false,"_monsterinsights_skip_tracking":false,"_monsterinsights_sitenote_active":false,"_monsterinsights_sitenote_note":"","_monsterinsights_sitenote_category":0,"footnotes":""},"class_list":["post-38","page","type-page","status-publish","hentry"],"aioseo_notices":[],"_links":{"self":[{"href":"https:\/\/www.kifoe-raisting.de\/index.php?rest_route=\/wp\/v2\/pages\/38"}],"collection":[{"href":"https:\/\/www.kifoe-raisting.de\/index.php?rest_route=\/wp\/v2\/pages"}],"about":[{"href":"https:\/\/www.kifoe-raisting.de\/index.php?rest_route=\/wp\/v2\/types\/page"}],"author":[{"embeddable":true,"href":"https:\/\/www.kifoe-raisting.de\/index.php?rest_route=\/wp\/v2\/users\/4"}],"replies":[{"embeddable":true,"href":"https:\/\/www.kifoe-raisting.de\/index.php?rest_route=%2Fwp%2Fv2%2Fcomments&post=38"}],"version-history":[{"count":14,"href":"https:\/\/www.kifoe-raisting.de\/index.php?rest_route=\/wp\/v2\/pages\/38\/revisions"}],"predecessor-version":[{"id":1160,"href":"https:\/\/www.kifoe-raisting.de\/index.php?rest_route=\/wp\/v2\/pages\/38\/revisions\/1160"}],"wp:attachment":[{"href":"https:\/\/www.kifoe-raisting.de\/index.php?rest_route=%2Fwp%2Fv2%2Fmedia&parent=38"}],"curies":[{"name":"wp","href":"https:\/\/api.w.org\/{rel}","templated":true}]}}