{"id":1125,"date":"2025-04-09T13:25:59","date_gmt":"2025-04-09T11:25:59","guid":{"rendered":"https:\/\/www.kifoe-raisting.de\/?page_id=1125"},"modified":"2026-02-22T21:36:37","modified_gmt":"2026-02-22T20:36:37","slug":"spielplatz-raisting-gemeinsam-fuer-alle","status":"publish","type":"page","link":"https:\/\/www.kifoe-raisting.de\/?page_id=1125","title":{"rendered":"Spielplatz Raisting"},"content":{"rendered":"\n<p class=\"has-vivid-cyan-blue-color has-text-color has-link-color wp-elements-1c7ff92c24cf04eb82822e794e56ec3f\"><strong>Neugestaltung Mehrgenerationenplatz Raisting<\/strong><\/p>\n\n\n\n<p class=\"has-black-color has-text-color has-link-color wp-elements-913c1e733ab554ba338ecf8c0409d683\">Es geht in die hei\u00dfe (Bau-)Phase &#8211; alle <strong><a href=\"https:\/\/www.kifoe-raisting.de\/?page_id=1277\" title=\"\"><span style=\"text-decoration: underline;\">I<\/span><\/a><span style=\"text-decoration: underline;\"><a href=\"https:\/\/www.kifoe-raisting.de\/?page_id=1277\" target=\"_blank\" rel=\"noopener\" title=\"\">nformationen zur Bauphase und Helfereins\u00e4tzen<\/a><\/span><\/strong>.<\/p>\n\n\n\n<p>Wir wollen euch hier \u00fcber die aktuelle Planung im Hinblick auf die Neugestaltung des Raistinger Spielplatzes auf dem Laufenden halten. Au\u00dferdem findet ihr eine \u00dcbersicht unserer gewerblichen Spender*innen hier:<\/p>\n\n\n\n<div class=\"wp-block-buttons is-content-justification-center is-layout-flex wp-container-core-buttons-is-layout-1 wp-block-buttons-is-layout-flex\">\n<div class=\"wp-block-button has-custom-font-size has-medium-font-size\" id=\"Dankesch\u00f6n\"><a class=\"wp-block-button__link has-vivid-cyan-blue-background-color has-background wp-element-button\" href=\"#Eingro\u00dfesDankesch\u00f6n\">G<mark style=\"background-color:rgba(0, 0, 0, 0)\" class=\"has-inline-color has-white-color\">ewerbliche Spender*innen<\/mark><\/a><\/div>\n<\/div>\n\n\n\n<p><br>Auf dem nachfolgenden Plan seht ihr im Detail, was f\u00fcr die Umgestaltung des Spielplatzes geplant ist. Bestehende (Apfel-)B\u00e4ume werden dabei erhalten. Beim Mouse-over werden euch bereits die Kurzinformationen eingeblendet, bei einem Klick auf das Informationszeichen (i) erscheint ein separates Pop-Up mit weiteren Informationen sowie den jeweiligen Kosten.<\/p>\n\n\n\n<p><code><div class=\"h5p-iframe-wrapper\"><iframe id=\"h5p-iframe-1\" class=\"h5p-iframe\" data-content-id=\"1\" style=\"height:1px\" src=\"about:blank\" frameBorder=\"0\" scrolling=\"no\" title=\"Neugestaltung Mehrgenerationenplatz Raisting\"><\/iframe><\/div><\/code><\/p>\n\n\n\n<p class=\"has-small-font-size\">Quelle: Schmidt-Ruiu, Firma gemeinsam gestalten (April 2025)<br>Neugestaltung Mehrgenerationenplatz Raisting<\/p>\n\n\n\n<p>Falls ihr eines der im Plan aufgef\u00fchrten Spielger\u00e4te oder einen Baum sponsern wollt, schreibt uns gerne eine Mail: <a href=\"mailto:info@kifoe-raisting.de\">info@kifoe-raisting.de<\/a>.<\/p>\n\n\n\n<p>Wer fr\u00fchzeitig weitere Informationen erhalten m\u00f6chte, kann sich \u00fcber <a href=\"mailto:spielplatzraisting@gmail.com\">spielplatzraisting@gmail.com<\/a> auf unsere Verteiler-Liste eintragen lassen. Hier wird es in unregelm\u00e4\u00dfigen Abst\u00e4nden ein Update geben :). <\/p>\n\n\n\n<p><strong>Update<\/strong>: Im Fr\u00fchjahr 2024 hat sich der Kif\u00f6 gemeinsam mit dem B\u00fcrgermeister auf den Weg gemacht und im Oktober 2024 gab es ein erstes Treffen bei dem ein gemeinsamer Spielplatzplan entwickelt wurde. Mit diesem Plan haben wir jetzt ein gutes Jahr die Finanzierung auf die Beine gestellt, Leaderf\u00f6rderung beantragt, Spendengelder gesammelt und den Spielplatzbau ausgeschrieben. All das ist uns gemeinsam gelungen und wir kommen jetzt in die Bauphase. Wenn Ihr uns hier unterst\u00fctzen k\u00f6nnt, freuen wir uns sehr! Denn nur mit vielen Helfern l\u00e4sst sich dieses tolle Projekt f\u00fcr die Kinder umsetzen.<\/p>\n\n\n\n<p><\/p>\n\n\n\n<figure class=\"wp-block-image size-large\"><img fetchpriority=\"high\" decoding=\"async\" width=\"1024\" height=\"704\" src=\"https:\/\/www.kifoe-raisting.de\/wp-content\/uploads\/2026\/02\/SpielplatzFlyer-1024x704.jpeg\" alt=\"\" class=\"wp-image-1271\" srcset=\"https:\/\/www.kifoe-raisting.de\/wp-content\/uploads\/2026\/02\/SpielplatzFlyer-1024x704.jpeg 1024w, https:\/\/www.kifoe-raisting.de\/wp-content\/uploads\/2026\/02\/SpielplatzFlyer-300x206.jpeg 300w, https:\/\/www.kifoe-raisting.de\/wp-content\/uploads\/2026\/02\/SpielplatzFlyer-768x528.jpeg 768w, https:\/\/www.kifoe-raisting.de\/wp-content\/uploads\/2026\/02\/SpielplatzFlyer.jpeg 1179w\" sizes=\"(max-width: 1024px) 100vw, 1024px\" \/><\/figure>\n\n\n\n<p>Au\u00dferdem findet ihr unten noch das Konzept f\u00fcr die Mitmachbaustelle von &#8222;gemeinsam gestalten&#8220;.<\/p>\n\n\n\n<p>Euer Kif\u00f6-Team<\/p>\n\n\n\n<div data-wp-interactive=\"core\/file\" class=\"wp-block-file\"><object data-wp-bind--hidden=\"!state.hasPdfPreview\"  class=\"wp-block-file__embed\" data=\"https:\/\/www.kifoe-raisting.de\/wp-content\/uploads\/2026\/02\/Konzeption_Mitmachbaustelle.pdf\" type=\"application\/pdf\" style=\"width:100%;height:600px\" aria-label=\"Einbettung von Konzeption_Mitmachbaustelle.\"><\/object><a id=\"wp-block-file--media-8f9e5954-c004-45d8-a86a-9306d9de27bf\" href=\"https:\/\/www.kifoe-raisting.de\/wp-content\/uploads\/2026\/02\/Konzeption_Mitmachbaustelle.pdf\">Konzeption_Mitmachbaustelle<\/a><a href=\"https:\/\/www.kifoe-raisting.de\/wp-content\/uploads\/2026\/02\/Konzeption_Mitmachbaustelle.pdf\" class=\"wp-block-file__button wp-element-button\" download aria-describedby=\"wp-block-file--media-8f9e5954-c004-45d8-a86a-9306d9de27bf\">Herunterladen<\/a><\/div>\n\n\n\n<p><\/p>\n\n\n\n<p><\/p>\n\n\n\n<h2 class=\"wp-block-heading\" id=\"Eingro\u00dfesDankesch\u00f6n\"><mark style=\"background-color:rgba(0, 0, 0, 0)\" class=\"has-inline-color has-vivid-cyan-blue-color\">Ein gro\u00dfes Dankesch\u00f6n all unseren Spender*innen &#8211; privat und\/oder gewerblich \ud83d\ude42<\/mark><\/h2>\n\n\n\n<h2 class=\"wp-block-heading\">Unsere gewerblichen Spender*innen:<\/h2>\n\n\n\n<p><\/p>\n\n\n\n<figure class=\"wp-block-table aligncenter\"><table><tbody><tr><td><img decoding=\"async\" class=\"wp-image-1267\" style=\"width: NaNpx;\" src=\"https:\/\/www.kifoe-raisting.de\/wp-content\/uploads\/2026\/02\/MY-ELECTROBOAT-LOGO.tif\" alt=\"\"><img decoding=\"async\" width=\"350\" height=\"238\" class=\"wp-image-1268\" style=\"width: 350px;\" src=\"https:\/\/www.kifoe-raisting.de\/wp-content\/uploads\/2026\/02\/my-electroboat.png\" alt=\"\" srcset=\"https:\/\/www.kifoe-raisting.de\/wp-content\/uploads\/2026\/02\/my-electroboat.png 1072w, https:\/\/www.kifoe-raisting.de\/wp-content\/uploads\/2026\/02\/my-electroboat-300x204.png 300w, https:\/\/www.kifoe-raisting.de\/wp-content\/uploads\/2026\/02\/my-electroboat-1024x697.png 1024w, https:\/\/www.kifoe-raisting.de\/wp-content\/uploads\/2026\/02\/my-electroboat-768x523.png 768w\" sizes=\"(max-width: 350px) 100vw, 350px\" \/><\/td><\/tr><tr><td><img decoding=\"async\" width=\"350\" height=\"117\" class=\"wp-image-1227\" style=\"width: 350px;\" src=\"https:\/\/www.kifoe-raisting.de\/wp-content\/uploads\/2025\/07\/Bildschirmfoto-2025-07-30-um-09.04.47.png\" alt=\"\" srcset=\"https:\/\/www.kifoe-raisting.de\/wp-content\/uploads\/2025\/07\/Bildschirmfoto-2025-07-30-um-09.04.47.png 448w, https:\/\/www.kifoe-raisting.de\/wp-content\/uploads\/2025\/07\/Bildschirmfoto-2025-07-30-um-09.04.47-300x100.png 300w\" sizes=\"(max-width: 350px) 100vw, 350px\" \/><\/td><\/tr><tr><td><img loading=\"lazy\" decoding=\"async\" width=\"350\" height=\"94\" class=\"wp-image-1200\" style=\"width: 350px;\" src=\"https:\/\/www.kifoe-raisting.de\/wp-content\/uploads\/2025\/07\/PHOTO-2025-07-23-12-12-51.jpg\" alt=\"\" srcset=\"https:\/\/www.kifoe-raisting.de\/wp-content\/uploads\/2025\/07\/PHOTO-2025-07-23-12-12-51.jpg 549w, https:\/\/www.kifoe-raisting.de\/wp-content\/uploads\/2025\/07\/PHOTO-2025-07-23-12-12-51-300x80.jpg 300w\" sizes=\"(max-width: 350px) 100vw, 350px\" \/><\/td><\/tr><tr><td><img loading=\"lazy\" decoding=\"async\" width=\"350\" height=\"160\" class=\"wp-image-1201\" style=\"width: 350px;\" src=\"https:\/\/www.kifoe-raisting.de\/wp-content\/uploads\/2025\/07\/Bildschirmfoto-2025-07-23-um-18.08.43.png\" alt=\"\" srcset=\"https:\/\/www.kifoe-raisting.de\/wp-content\/uploads\/2025\/07\/Bildschirmfoto-2025-07-23-um-18.08.43.png 306w, https:\/\/www.kifoe-raisting.de\/wp-content\/uploads\/2025\/07\/Bildschirmfoto-2025-07-23-um-18.08.43-300x137.png 300w\" sizes=\"(max-width: 350px) 100vw, 350px\" \/><\/td><\/tr><tr><td><img loading=\"lazy\" decoding=\"async\" width=\"350\" height=\"42\" class=\"wp-image-1203\" style=\"width: 350px;\" src=\"https:\/\/www.kifoe-raisting.de\/wp-content\/uploads\/2025\/07\/RB_Singoldtal_RB_Raisting_langV2.gif\" alt=\"\"><\/td><\/tr><tr><td><img loading=\"lazy\" decoding=\"async\" width=\"350\" height=\"136\" class=\"wp-image-1205\" style=\"width: 350px;\" src=\"https:\/\/www.kifoe-raisting.de\/wp-content\/uploads\/2025\/07\/Bildschirmfoto-2025-07-23-um-18.16.57.png\" alt=\"\" srcset=\"https:\/\/www.kifoe-raisting.de\/wp-content\/uploads\/2025\/07\/Bildschirmfoto-2025-07-23-um-18.16.57.png 542w, https:\/\/www.kifoe-raisting.de\/wp-content\/uploads\/2025\/07\/Bildschirmfoto-2025-07-23-um-18.16.57-300x116.png 300w\" sizes=\"(max-width: 350px) 100vw, 350px\" \/><\/td><\/tr><tr><td><img loading=\"lazy\" decoding=\"async\" width=\"350\" height=\"78\" class=\"wp-image-1218\" style=\"width: 350px;\" src=\"https:\/\/www.kifoe-raisting.de\/wp-content\/uploads\/2025\/07\/Bildschirmfoto-2025-07-28-um-19.21.37.png\" alt=\"\" srcset=\"https:\/\/www.kifoe-raisting.de\/wp-content\/uploads\/2025\/07\/Bildschirmfoto-2025-07-28-um-19.21.37.png 784w, https:\/\/www.kifoe-raisting.de\/wp-content\/uploads\/2025\/07\/Bildschirmfoto-2025-07-28-um-19.21.37-300x67.png 300w, https:\/\/www.kifoe-raisting.de\/wp-content\/uploads\/2025\/07\/Bildschirmfoto-2025-07-28-um-19.21.37-768x170.png 768w\" sizes=\"(max-width: 350px) 100vw, 350px\" \/><\/td><\/tr><\/tbody><\/table><\/figure>\n\n\n\n<p><\/p>\n\n\n\n<p><\/p>\n\n\n\n<figure class=\"wp-block-image alignfull size-large\"><img loading=\"lazy\" decoding=\"async\" width=\"1024\" height=\"185\" src=\"https:\/\/www.kifoe-raisting.de\/wp-content\/uploads\/2025\/07\/Foerderlogoleiste_EU_StMELF_LEADER_RGB-1024x185.jpg\" alt=\"\" class=\"wp-image-1198\" srcset=\"https:\/\/www.kifoe-raisting.de\/wp-content\/uploads\/2025\/07\/Foerderlogoleiste_EU_StMELF_LEADER_RGB-1024x185.jpg 1024w, https:\/\/www.kifoe-raisting.de\/wp-content\/uploads\/2025\/07\/Foerderlogoleiste_EU_StMELF_LEADER_RGB-300x54.jpg 300w, https:\/\/www.kifoe-raisting.de\/wp-content\/uploads\/2025\/07\/Foerderlogoleiste_EU_StMELF_LEADER_RGB-768x139.jpg 768w, https:\/\/www.kifoe-raisting.de\/wp-content\/uploads\/2025\/07\/Foerderlogoleiste_EU_StMELF_LEADER_RGB-1536x277.jpg 1536w, https:\/\/www.kifoe-raisting.de\/wp-content\/uploads\/2025\/07\/Foerderlogoleiste_EU_StMELF_LEADER_RGB-2048x370.jpg 2048w\" sizes=\"(max-width: 1024px) 100vw, 1024px\" \/><\/figure>\n\n\n\n<p><\/p>\n","protected":false},"excerpt":{"rendered":"<p>Neugestaltung Mehrgenerationenplatz Raisting Es geht in die hei\u00dfe (Bau-)Phase &#8211; alle Informationen zur Bauphase und Helfereins\u00e4tzen. Wir wollen euch hier \u00fcber die aktuelle Planung im Hinblick auf die Neugestaltung des Raistinger Spielplatzes auf dem Laufenden halten. Au\u00dferdem findet ihr eine<\/p>\n","protected":false},"author":11,"featured_media":0,"parent":0,"menu_order":0,"comment_status":"closed","ping_status":"closed","template":"","meta":{"om_disable_all_campaigns":false,"_monsterinsights_skip_tracking":false,"_monsterinsights_sitenote_active":false,"_monsterinsights_sitenote_note":"","_monsterinsights_sitenote_category":0,"footnotes":""},"class_list":["post-1125","page","type-page","status-publish","hentry"],"aioseo_notices":[],"_links":{"self":[{"href":"https:\/\/www.kifoe-raisting.de\/index.php?rest_route=\/wp\/v2\/pages\/1125"}],"collection":[{"href":"https:\/\/www.kifoe-raisting.de\/index.php?rest_route=\/wp\/v2\/pages"}],"about":[{"href":"https:\/\/www.kifoe-raisting.de\/index.php?rest_route=\/wp\/v2\/types\/page"}],"author":[{"embeddable":true,"href":"https:\/\/www.kifoe-raisting.de\/index.php?rest_route=\/wp\/v2\/users\/11"}],"replies":[{"embeddable":true,"href":"https:\/\/www.kifoe-raisting.de\/index.php?rest_route=%2Fwp%2Fv2%2Fcomments&post=1125"}],"version-history":[{"count":24,"href":"https:\/\/www.kifoe-raisting.de\/index.php?rest_route=\/wp\/v2\/pages\/1125\/revisions"}],"predecessor-version":[{"id":1290,"href":"https:\/\/www.kifoe-raisting.de\/index.php?rest_route=\/wp\/v2\/pages\/1125\/revisions\/1290"}],"wp:attachment":[{"href":"https:\/\/www.kifoe-raisting.de\/index.php?rest_route=%2Fwp%2Fv2%2Fmedia&parent=1125"}],"curies":[{"name":"wp","href":"https:\/\/api.w.org\/{rel}","templated":true}]}}