{"id":1085,"date":"2025-03-12T11:31:32","date_gmt":"2025-03-12T10:31:32","guid":{"rendered":"https:\/\/www.kifoe-raisting.de\/?page_id=1085"},"modified":"2025-11-13T14:47:49","modified_gmt":"2025-11-13T13:47:49","slug":"aktuelles","status":"publish","type":"page","link":"https:\/\/www.kifoe-raisting.de\/?page_id=1085","title":{"rendered":"Aktuelles"},"content":{"rendered":"\n<p>Hier findet Ihr unsere kommenden Veranstaltungen sowie aktuelle Beitr\u00e4ge. Einfach auf den entsprechenden Button klicken.<\/p>\n\n\n\n<div class=\"wp-block-buttons is-layout-flex wp-block-buttons-is-layout-flex\">\n<div class=\"wp-block-button has-custom-width wp-block-button__width-50 is-style-fill\"><a class=\"wp-block-button__link has-background wp-element-button\" href=\"#Beitr\u00e4ge\" style=\"background-color:#ee1289\">Beitr\u00e4ge<\/a><\/div>\n\n\n\n<div class=\"wp-block-button has-custom-width wp-block-button__width-50\"><a class=\"wp-block-button__link has-vivid-cyan-blue-background-color has-background wp-element-button\" href=\"#Veranstaltungen\">Veranstaltungen<\/a><\/div>\n<\/div>\n\n\n\n<h2 class=\"wp-block-heading\" id=\"Veranstaltungen\"><br><br>Veranstaltungen<\/h2>\n\n\n\n<div class=\"wp-block-columns is-layout-flex wp-container-core-columns-is-layout-1 wp-block-columns-is-layout-flex\">\n<div class=\"wp-block-column is-layout-flow wp-block-column-is-layout-flow\" style=\"flex-basis:100%\">\n<p><br><\/p>\n\n\n\n<div class=\"wp-block-media-text alignfull has-media-on-the-right is-stacked-on-mobile is-vertically-aligned-top is-image-fill has-text-color has-background has-link-color wp-elements-672ae91b2c65dd2a4962cce0aa269457\" style=\"color:#fffdc7;background-color:#121c1c;grid-template-columns:auto 33%\"><div class=\"wp-block-media-text__content\">\n<div class=\"wp-block-group has-link-color wp-elements-fa1f69221453669ea336ce56737bb37e\" style=\"padding-top:2em;padding-right:2em;padding-bottom:2em;padding-left:2em\"><div class=\"wp-block-group__inner-container is-layout-flow wp-block-group-is-layout-flow\">\n<h2 class=\"wp-block-heading\" style=\"font-size:44px;font-weight:700;line-height:1.15\">Kinderkleider und Spielzeugbasar<\/h2>\n\n\n\n<p class=\"has-text-color has-link-color wp-elements-7695c4b7a3f1bcd680e303813739d8a6\" style=\"color:#fffdc7\">Datum: 28.02.2026 <br> Ort: Pfarrheim Raisting <br> Mehr Infos gibt es <a data-type=\"page\" data-id=\"981\" href=\"https:\/\/www.kifoe-raisting.de\/?page_id=981\"><strong>hier<\/strong><\/a>!<\/p>\n<\/div><\/div>\n<\/div><figure class=\"wp-block-media-text__media\" style=\"background-image:url(https:\/\/www.kifoe-raisting.de\/wp-content\/uploads\/2025\/05\/Kinderkleiderbasar.jpg);background-position:50% 50%\"><img decoding=\"async\" width=\"147\" height=\"172\" src=\"https:\/\/www.kifoe-raisting.de\/wp-content\/uploads\/2025\/05\/Kinderkleiderbasar.jpg\" alt=\"\" class=\"wp-image-1165 size-full\"\/><\/figure><\/div>\n\n\n\n<p><br><br><\/p>\n\n\n\n<div class=\"wp-block-media-text alignfull has-media-on-the-right is-stacked-on-mobile is-vertically-aligned-top is-image-fill has-text-color has-background has-link-color wp-elements-3e271f31784baf287cf45bcb703b96ba\" style=\"color:#fffdc7;background-color:#121c1c;grid-template-columns:auto 33%\"><div class=\"wp-block-media-text__content\">\n<div class=\"wp-block-group has-link-color wp-elements-1e45f9e9be8d2cd98f2a280fc5589d33\" style=\"padding-top:2em;padding-right:2em;padding-bottom:2em;padding-left:2em\"><div class=\"wp-block-group__inner-container is-layout-flow wp-block-group-is-layout-flow\">\n<h2 class=\"wp-block-heading\" style=\"font-size:44px;font-weight:700;line-height:1.15\">Damenkleiderbasar<\/h2>\n\n\n\n<p class=\"has-text-color has-link-color wp-elements-7efcfaa2fb817ec922c54adb65bc32d7\" style=\"color:#fffdc7\">Datum: tbd <br> Ort: Pfarrheim Raisting <br> Mehr Infos gibt es <a data-type=\"page\" data-id=\"981\" href=\"https:\/\/www.kifoe-raisting.de\/?page_id=981\"><strong>hier<\/strong><\/a>!<\/p>\n<\/div><\/div>\n<\/div><figure class=\"wp-block-media-text__media\" style=\"background-image:url(https:\/\/www.kifoe-raisting.de\/wp-content\/uploads\/2025\/05\/Damenkleiderbasar-1024x887.jpg);background-position:50% 50%\"><img fetchpriority=\"high\" decoding=\"async\" width=\"1024\" height=\"887\" src=\"https:\/\/www.kifoe-raisting.de\/wp-content\/uploads\/2025\/05\/Damenkleiderbasar-1024x887.jpg\" alt=\"\" class=\"wp-image-1164 size-full\" srcset=\"https:\/\/www.kifoe-raisting.de\/wp-content\/uploads\/2025\/05\/Damenkleiderbasar-1024x887.jpg 1024w, https:\/\/www.kifoe-raisting.de\/wp-content\/uploads\/2025\/05\/Damenkleiderbasar-300x260.jpg 300w, https:\/\/www.kifoe-raisting.de\/wp-content\/uploads\/2025\/05\/Damenkleiderbasar-768x665.jpg 768w, https:\/\/www.kifoe-raisting.de\/wp-content\/uploads\/2025\/05\/Damenkleiderbasar-1536x1331.jpg 1536w, https:\/\/www.kifoe-raisting.de\/wp-content\/uploads\/2025\/05\/Damenkleiderbasar.jpg 1660w\" sizes=\"(max-width: 1024px) 100vw, 1024px\" \/><\/figure><\/div>\n<\/div>\n<\/div>\n\n\n\n<p><br><br><\/p>\n\n\n\n<h2 class=\"wp-block-heading\" id=\"Beitr\u00e4ge\">Beitr\u00e4ge<\/h2>\n\n\n\n<div class=\"wp-block-query is-layout-flow wp-block-query-is-layout-flow\"><ul class=\"wp-block-post-template is-layout-flow wp-block-post-template-is-layout-flow\"><li class=\"wp-block-post post-1245 post type-post status-publish format-standard hentry category-uncategorized\">\n\n<div class=\"wp-block-group\" style=\"padding-top:30px;padding-right:30px;padding-bottom:30px;padding-left:30px\"><div class=\"wp-block-group__inner-container is-layout-flow wp-block-group-is-layout-flow\"><h2 class=\"wp-block-post-title\"><a href=\"https:\/\/www.kifoe-raisting.de\/?p=1245\" target=\"_self\" >Weihnachtsbastelei im Pfarrheim Raisting begeistert \u00fcber 60 Kinder<\/a><\/h2>\n\n<div class=\"wp-block-post-excerpt\"><p class=\"wp-block-post-excerpt__excerpt\">Am 28. November verwandelte sich das Pfarrheim Raisting in eine lebhafte Weihnachtswerkstatt. \u00dcber 60 Kinder im Kindergarten- und Grundschulalter folgten der Einladung zur diesj\u00e4hrigen Weihnachtsbastelei \u2013 ein Nachmittag voller Kreativit\u00e4t, Freude und vorweihnachtlichem Glanz. Mit gro\u00dfer Begeisterung bemalten die Kinder <\/p><\/div><\/div><\/div>\n\n<\/li><li class=\"wp-block-post post-1242 post type-post status-publish format-standard hentry category-uncategorized\">\n\n<div class=\"wp-block-group\" style=\"padding-top:30px;padding-right:30px;padding-bottom:30px;padding-left:30px\"><div class=\"wp-block-group__inner-container is-layout-flow wp-block-group-is-layout-flow\"><h2 class=\"wp-block-post-title\"><a href=\"https:\/\/www.kifoe-raisting.de\/?p=1242\" target=\"_self\" >Gruselspa\u00df pur bei der Kif\u00f6-Halloween-Party!<\/a><\/h2>\n\n<div class=\"wp-block-post-excerpt\"><p class=\"wp-block-post-excerpt__excerpt\">Am 24. Oktober verwandelte sich das Pfarrheim in ein echtes Spukschloss: Von 18 bis 21 Uhr feierten rund 40 Jugendliche im Alter von 11 bis 15 Jahren eine unvergessliche Halloween-Party. Schon beim Betreten der festlich geschm\u00fcckten R\u00e4ume sorgten Gr\u00e4ber, Spinnweben, <\/p><\/div><\/div><\/div>\n\n<\/li><li class=\"wp-block-post post-1118 post type-post status-publish format-standard hentry category-uncategorized\">\n\n<div class=\"wp-block-group\" style=\"padding-top:30px;padding-right:30px;padding-bottom:30px;padding-left:30px\"><div class=\"wp-block-group__inner-container is-layout-flow wp-block-group-is-layout-flow\"><h2 class=\"wp-block-post-title\"><a href=\"https:\/\/www.kifoe-raisting.de\/?p=1118\" target=\"_self\" >Spielplatz Raisting &#8211; Pressemitteilung zur LA-Sitzung<\/a><\/h2>\n\n<div class=\"wp-block-post-excerpt\"><p class=\"wp-block-post-excerpt__excerpt\">Es geht in die n\u00e4chste Runde: P R E S S E M I T T E I L U N G | Lokale Aktionsgruppe Auerbergland-Pfaffenwinkel e.V. 26.03.2025 LEADER-F\u00f6rderung f\u00fcr einen \u201eSpielplatz f\u00fcr Alle\u201c in Raisting beschlossen In seiner Sitzung <\/p><\/div><\/div><\/div>\n\n<\/li><\/ul><\/div>\n\n\n\n<p><\/p>\n","protected":false},"excerpt":{"rendered":"<p>Hier findet Ihr unsere kommenden Veranstaltungen sowie aktuelle Beitr\u00e4ge. Einfach auf den entsprechenden Button klicken. Veranstaltungen Kinderkleider und Spielzeugbasar Datum: 28.02.2026 Ort: Pfarrheim Raisting Mehr Infos gibt es hier! Damenkleiderbasar Datum: tbd Ort: Pfarrheim Raisting Mehr Infos gibt es hier!<\/p>\n","protected":false},"author":11,"featured_media":0,"parent":0,"menu_order":0,"comment_status":"closed","ping_status":"closed","template":"","meta":{"om_disable_all_campaigns":false,"_monsterinsights_skip_tracking":false,"_monsterinsights_sitenote_active":false,"_monsterinsights_sitenote_note":"","_monsterinsights_sitenote_category":0,"footnotes":""},"class_list":["post-1085","page","type-page","status-publish","hentry"],"aioseo_notices":[],"_links":{"self":[{"href":"https:\/\/www.kifoe-raisting.de\/index.php?rest_route=\/wp\/v2\/pages\/1085"}],"collection":[{"href":"https:\/\/www.kifoe-raisting.de\/index.php?rest_route=\/wp\/v2\/pages"}],"about":[{"href":"https:\/\/www.kifoe-raisting.de\/index.php?rest_route=\/wp\/v2\/types\/page"}],"author":[{"embeddable":true,"href":"https:\/\/www.kifoe-raisting.de\/index.php?rest_route=\/wp\/v2\/users\/11"}],"replies":[{"embeddable":true,"href":"https:\/\/www.kifoe-raisting.de\/index.php?rest_route=%2Fwp%2Fv2%2Fcomments&post=1085"}],"version-history":[{"count":8,"href":"https:\/\/www.kifoe-raisting.de\/index.php?rest_route=\/wp\/v2\/pages\/1085\/revisions"}],"predecessor-version":[{"id":1251,"href":"https:\/\/www.kifoe-raisting.de\/index.php?rest_route=\/wp\/v2\/pages\/1085\/revisions\/1251"}],"wp:attachment":[{"href":"https:\/\/www.kifoe-raisting.de\/index.php?rest_route=%2Fwp%2Fv2%2Fmedia&parent=1085"}],"curies":[{"name":"wp","href":"https:\/\/api.w.org\/{rel}","templated":true}]}}